*r + 18*r**2 + 8*r. What is the remainder when m(-1) is divided by 10?
8
Suppose 2*s - 12 = 4*k, -4 = -2*k - 2*k. Let p = s + 9. Calculate the remainder when 33 is divided by p.
16
Let y(s) = -1 + 7*s**3 - 3*s**2 + 9*s**3 - 17*s**3 - 2*s. What is the remainder when 9 is divided by y(-3)?
4
Let i(x) = 2*x + 7. Calculate the remainder when 82 is divided by i(0).
5
Calculate the remainder when 28 is divided by 9*(-5)/((-75)/20).
4
Suppose 4*i - 8*i = -24. Suppose -4*s - s + 109 = 4*d, -5*d + 68 = 3*s. Calculate the remainder when s is divided by i.
3
Let b = -7 + 21. What is the remainder when 68 is divided by b?
12
Let s be 1/(-3) + (-14)/(-6). Suppose -s*p - 12 = -6*p. Suppose -5*l = 2*q - 37, -4*q = -3*l + 2*l + p. What is the remainder when 13 is divided by l?
6
Let q(y) = -y + 23. Calculate the remainder when 34 is divided by q(11).
10
Let n be (10/4)/((-5)/30). Suppose -3 + 39 = -3*v. What is the remainder when (v/5)/(3/n) is divided by 7?
5
Calculate the remainder when 3 is divided by (2/6)/(7/42).
1
Let f = 0 + 7. Let l = -11 - 8. Let s = l + 38. Calculate the remainder when s is divided by f.
5
Suppose 5*h + 4*z - 868 = -354, -h = 2*z - 104. Calculate the remainder when h is divided by 35.
32
Suppose -b + 148 = 3*c, c + b - 52 = -0*c. Suppose p - 2 = 4*z - 1, 4*p - 5*z = c. Calculate the remainder when p is divided by 6.
5
Let g(c) = 2*c**2 + 3*c. Let f be g(-3). Let h = 26 - f. What is the remainder when h is divided by 5 + 2/2 - 0?
5
Let f = -29 - -45. Suppose 5*h - 2 = 28. What is the remainder when f is divided by h?
4
What is the remainder when 11 is divided by (6/(-5))/(8/(-40))?
5
Suppose 50*w - 53*w + 57 = 0. Calculate the remainder when w is divided by 9.
1
Let z(d) = 2*d**2 - 10*d - 23. What is the remainder when z(-4) is divided by 14?
7
Suppose -123 = -3*r - 3*p, -4*r + 3*r - 4*p = -35. Let n = 14 + -7. Suppose n*l = 2*l + 75. What is the remainder when r is divided by l?
13
Suppose -2*b + 42 = k, 3*b + 182 = 5*k - b. Calculate the remainder when 151 is divided by k.
37
Let d(q) = -q**2 - 10*q - 12. Let j be d(-8). Let y(o) = 4*o + 0*o - 2*o - j*o. Calculate the remainder when 23 is divided by y(-4).
7
Let c = 5 + -11. Calculate the remainder when ((-4)/c)/((-20)/(-1530)) is divided by 18.
15
Suppose 2*a = 5*q - 50, 2*a = 2*q - 3*a + 1. What is the remainder when 34 is divided by q?
10
Let r be (-5 - -2) + 6/(-2). Calculate the remainder when 28 is divided by ((-5)/(-2))/((-1)/r).
13
Let s = 6 + -6. Suppose 3*l + l + y - 43 = s, 3 = -3*y. What is the remainder when l is divided by 3?
2
Let g(j) = 13*j**2 - 1. Let w = 69 + -41. What is the remainder when g(1) is divided by w/10*10/4?
5
Let c(q) = 2*q - 3. Let j be c(10). Suppose -14 = r - j. Suppose -x - 2*x = -12. What is the remainder when x is divided by r?
1
Let v(f) = 3*f**3 - 2*f**2 + 2*f - 3. Calculate the remainder when 67 is divided by v(2).
16
Let t = -6 + 7. Let v = t + 16. What is the remainder when v is divided by 10?
7
Suppose -11 = -2*u - 2*n + n, -2*n + 7 = -u. What is the remainder when 7 is divided by u?
1
Let i(u) = u**2 - 4*u + 3. What is the remainder when -1 - 2 - (-20 + 2) is divided by i(5)?
7
Suppose -d = -2*f + 39, 2*f + 14 - 56 = 2*d. Suppose 4*v - 3*v - 33 = 0. Calculate the remainder when v is divided by f.
15
Suppose -5*c = -4*g + 16 - 0, 0 = -5*g - c + 20. Calculate the remainder when 46 is divided by g.
2
Let h(r) = r + 12. Let o = 2 + 4. What is the remainder when h(3) is divided by o?
3
Let d(t) = 2*t**3 + 2*t**2 - 2*t - 1. Let i = 40 + -4. Calculate the remainder when i is divided by d(2).
17
Let a(o) = o**2 - 5*o + 27. What is the remainder when a(6) is divided by 18?
15
Suppose -3 = 3*s - 15. Suppose -s*m + 19 = m + 4*b, 0 = -4*m + 2*b + 36. Calculate the remainder when 27 is divided by m.
6
Let c(l) = -5*l**3 - 5*l**2 - 2. What is the remainder when c(-4) is divided by 60?
58
Let a(d) = 10*d - 13. Let z be a(6). Let u = 88 - z. Calculate the remainder when u is divided by 14.
13
Let d = 116 + -93. Calculate the remainder when d is divided by 3.
2
Suppose -14 + 34 = 5*s. Suppose -g - s*g = -425. Suppose -5*h = -5 - g. What is the remainder when 34 is divided by h?
16
Suppose -g - b + 3 = 1, -2*g = -2*b - 24. Calculate the remainder when g is divided by 2.
1
Let v = -6 - -6. Suppose -2*m + 4 = v, -3*z + 0*z - 5*m = -49. What is the remainder when z is divided by 7?
6
Suppose -2*m = -5*t - 3*m + 191, t - 5*m = 33. Let d be (-1)/2*t/1. Let v = 50 + d. What is the remainder when v is divided by 16?
15
Let f = 91 + -72. What is the remainder when 36 is divided by f?
17
Suppose 10*m - 48 = 6*m. Let p(u) = -u**2 - 4*u + 1. Let r be p(-3). Suppose -61 = -r*o + 79. What is the remainder when o is divided by m?
11
Suppose -5*t - 3*b + 150 = -49, -3 = -b. Let o = t - -15. What is the remainder when o is divided by 18?
17
Let i(j) be the third derivative of -1/120*j**6 - 1/24*j**4 + 0 + 1/6*j**5 + 13/6*j**3 - j**2 + 0*j. What is the remainder when i(10) is divided by 1?
0
Calculate the remainder when 27 is divided by (108/45)/(6/40).
11
Let b(h) = -5*h + 1. What is the remainder when b(-4) is divided by 5?
1
Let k(z) = -z**3 + 11*z**2 + 2*z - 6. Calculate the remainder when 47/(-2)*(1 - 3) is divided by k(11).
15
Suppose -36 = -2*o + 6*o. Let v = -6 - o. Suppose 0 = -4*d + v*d + 6. Calculate the remainder when d is divided by 4.
2
Let f be (3/(-1))/((-15)/(-170)). Let z = 61 + f. What is the remainder when z is divided by 15?
12
Suppose -3*x = -2*c - 52, 5*x = 4*x - 3*c + 10. Let m(i) = i**2 - 15*i - 3. Calculate the remainder when m(x) is divided by 8.
5
Let o(n) = -n - n**2 + n + 2*n**2 - 5 - 3*n. Calculate the remainder when 68 is divided by o(7).
22
Let n be 5 + (1 - 4) - 0. Let q be (2*-2)/(0 - 2). Suppose c = -q*c + n*y + 13, 4*c + 3*y = -11. Calculate the remainder when 1 is divided by c.
0
Let u(f) = -f**3 - f**2 + f + 69. What is the remainder when u(0) is divided by 12?
9
Let j(o) = o**2 + 4*o - 6. What is the remainder when j(5) is divided by 23?
16
Let b be (2 - -1) + (-5)/(-1). Let s = 11 - b. What is the remainder when 7 is divided by s?
1
Suppose -17 = -4*u - l + 15, -13 = -3*u + 2*l. Calculate the remainder when u is divided by 4.
3
Let u(s) = 3*s - 2. Calculate the remainder when 18 is divided by u(4).
8
Let j(d) be the second derivative of -d**4/12 + 3*d**2 - d. Let h(f) = f**2 - 11*f + 16. What is the remainder when h(11) is divided by j(0)?
4
Suppose 2*l + 15 = -s - 3*l, 4*l = -20. Calculate the remainder when 119 is divided by s.
9
Let x(g) = -g**2 + 2*g - 10. Let q(t) = t**2 - t + 11. Let i(f) = -3*q(f) - 4*x(f). Calculate the remainder when i(5) is divided by 3.
1
Let r = 21 - -34. Let h = 1 - 4. What is the remainder when r is divided by 44/2 + h + 0?
17
Suppose 0 = r - 1496 + 27. What is the remainder when r/(-26)*(1 + -3) is divided by 29?
26
Let m be (0 + 1 + -1)*1. Suppose m = 3*u - 83 + 23. What is the remainder when u is divided by 2/4*-7*-2?
6
What is the remainder when 117 is divided by (92/12 + -5)*15?
37
Let d(t) = -3*t - 16. Let y be ((-2)/(-1))/(4/(-26)). Let g be d(y). What is the remainder when g + 1 - (2 + -2) is divided by 13?
11
Let m = -9 + 6. Let q = -1 - m. Let o(n) = n**3 - n**2 + n. What is the remainder when 16 is divided by o(q)?
4
Suppose -3*h - 56 = -5*w, -2*w + h - 6*h = -41. Suppose -2 = -f + w. Calculate the remainder when (-6)/(-14) - 772/(-28) is divided by f.
13
Let a be 4/(4*2/412). Suppose -5*f + a = -3*k, -5*f + 2*k = -0*k - 209. Let v = f - 15. What is the remainder when v is divided by 15?
13
Suppose 3*t + 1 = 19. Let c be (-2)/5 - (-621)/15. Let z = c + -24. What is the remainder when z is divided by t?
5
Let k(t) = -t**3 + 8*t**2 + 6*t - 8. Let r be k(9). Let f = r - -70. Calculate the remainder when 67 is divided by f.
32
Let v be 10/45 - 68/(-18). Suppose -2*c - v + 30 = 0. What is the remainder when 37 is divided by c?
11
Let h = 3 - 1. Suppose 0 = -5*a - h*j - 0*j + 252, 5*j + 20 = 0. Let c = 18 - 0. What is the remainder when a is divided by c?
16
Let d(q) = -2*q**2 + q - 2. Let x be d(2). Let h = 16 + x. Suppose h = 4*y, z + y - 52 = -4*z. Calculate the remainder when 38 is divided by z.
8
Let p = -49 - -61. Calculate the remainder when 46 is divided by p.
10
Suppose -6 = -0*a - 